{"id":42,"date":"2015-04-09T16:59:40","date_gmt":"2015-04-09T15:59:40","guid":{"rendered":"http:\/\/2018.automnemusicalduvesinet.fr\/?page_id=42"},"modified":"2018-08-21T09:48:03","modified_gmt":"2018-08-21T08:48:03","slug":"le-festival","status":"publish","type":"page","link":"http:\/\/2018.automnemusicalduvesinet.fr\/?page_id=42","title":{"rendered":"Programme"},"content":{"rendered":"<h1>Le programme<\/h1>\n<p><a href=\"http:\/\/2018.automnemusicalduvesinet.fr\/wp-content\/uploads\/2018\/08\/IgoshinaVirtuoses-horiz.jpg\"><img loading=\"lazy\" class=\"aligncenter wp-image-1073\" src=\"http:\/\/2018.automnemusicalduvesinet.fr\/wp-content\/uploads\/2018\/08\/IgoshinaVirtuoses-horiz-1024x324.jpg\" alt=\"\" width=\"640\" height=\"203\" srcset=\"http:\/\/2018.automnemusicalduvesinet.fr\/wp-content\/uploads\/2018\/08\/IgoshinaVirtuoses-horiz-1024x324.jpg 1024w, http:\/\/2018.automnemusicalduvesinet.fr\/wp-content\/uploads\/2018\/08\/IgoshinaVirtuoses-horiz-300x95.jpg 300w, http:\/\/2018.automnemusicalduvesinet.fr\/wp-content\/uploads\/2018\/08\/IgoshinaVirtuoses-horiz-768x243.jpg 768w, http:\/\/2018.automnemusicalduvesinet.fr\/wp-content\/uploads\/2018\/08\/IgoshinaVirtuoses-horiz.jpg 1086w\" sizes=\"(max-width: 640px) 100vw, 640px\" \/><\/a><\/p>\n<p><span style=\"font-size: 16px;\">De la musique baroque \u00e0 Dvorak, le festival commencera par un hommage \u00e0 Claude Debussy, suivi des Romantiques allemands, un concert baroque avec orgue, un concerto de Chopin&#8230;<\/span><\/p>\n<p><span style=\"font-size: 16px;\">Le Festival s\u2019adresse \u00e0 un large public, et \u00ab en m\u00eame temps \u00bb r\u00e9unit des artistes de grand talent propres \u00e0 combler les m\u00e9lomanes les plus avertis.<\/span><\/p>\n<p><span style=\"font-size: 16px;\">Il se tient en l\u2019\u00c9glise Sainte-Marguerite du V\u00e9sinet, class\u00e9e monument historique.<\/span><\/p>\n<p><span style=\"font-size: 18px; line-height: 1.5em;\"><span style=\"text-decoration: underline;\">Le programme comprendra quatre concerts<\/span> :<br \/>\n<\/span><\/p>\n<ul style=\"list-style-type: disc;\">\n<li><span style=\"font-size: 16px;\"><span style=\"font-size: 16px;\"><strong>Le <a href=\"http:\/\/2018.automnemusicalduvesinet.fr\/programme-du-vendredi\/\">Vendredi 12 octobre<\/a><\/strong> \u00e0 20h30<strong> en hommage \u00e0 Claude Debussy<\/strong>,\u00a0n\u00e9 \u00e0 Saint-Germain-en-Laye et mort en mars 1918.<br \/>\n<\/span><\/span><em>Dans le d\u00e9cor des fresques murales de Maurice Denis, les professeurs du Conservatoire du V\u00e9sinet musiciens et concertistes se sont mobilis\u00e9s dans diverses formations pour cet hommage du centenaire de la mort de Claude Debussy.<\/em><\/li>\n<\/ul>\n<p>&nbsp;<\/p>\n<ul style=\"list-style-type: disc;\">\n<li><span style=\"font-size: 16px;\"><strong>Le <a href=\"http:\/\/2018.automnemusicalduvesinet.fr\/programme-du-samedi-2\/\">Samedi 13 octobre<\/a>, <\/strong><\/span>\n<ul style=\"list-style-type: circle;\">\n<li><span style=\"font-size: 16px;\">\u00e0 16h:\u00a0<strong>un concert romantique<\/strong>\u00a0(Schuman, Brahms) de clarinette et de piano.<\/span><\/li>\n<li><span style=\"font-size: 16px;\">20h30\u00a0: <strong>un concert baroque<\/strong> avec l\u2019ensemble italien Festa Rustica, soprano une fl\u00fbte et l\u2019orgue de l\u2019\u00e9glise.<\/span><\/li>\n<\/ul>\n<\/li>\n<\/ul>\n<p>&nbsp;<\/p>\n<ul style=\"list-style-type: disc;\">\n<li><span style=\"font-size: 16px;\"><span style=\"font-size: 16px;\"><strong>Le <a href=\"http:\/\/2018.automnemusicalduvesinet.fr\/dimanche-16-octobre-a-16h\/\">Dimanche 14 octobre<\/a>, &#8220;Musique Slave&#8221;<\/strong> avec le 2<sup>e<\/sup> concerto de Chopin pour piano, qui sera jou\u00e9, comme la version inaugurale avec un petit orchestre, et le quatuor am\u00e9ricain de Dvorak.<\/span><\/span><\/li>\n<\/ul>\n<p>&nbsp;<\/p>\n<p><span style=\"font-size: 16px;\"><em>Direction artistique : Vadim Tchijik, Fabrice Loyal<\/em><\/span><\/p>\n<p>L&#8217;organisateur du festival est l&#8217;association &#8220;L&#8217;esprit musical du V\u00e9sinet&#8221;<\/p>\n<p style=\"text-align: left;\">Avec le soutien de la <a href=\"http:\/\/www.levesinet.fr\/\" target=\"_blank\" rel=\"noopener\"><strong>Ville du V\u00e9sinet<\/strong><\/a><\/p>\n<p>&nbsp;<\/p>\n","protected":false},"excerpt":{"rendered":"<p>Le programme De la musique baroque \u00e0 Dvorak, le festival commencera par un hommage \u00e0 Claude Debussy, suivi des Romantiques allemands, un concert baroque avec orgue, un concerto de Chopin&#8230; Le Festival s\u2019adresse \u00e0 un large public, et \u00ab en m\u00eame temps \u00bb r\u00e9unit des artistes de grand talent propres \u00e0 combler les m\u00e9lomanes les plus avertis. Il se tient en l\u2019\u00c9glise Sainte-Marguerite du V\u00e9sinet, class\u00e9e monument historique. Le programme comprendra quatre concerts : Le <a href=\"http:\/\/2018.automnemusicalduvesinet.fr\/?page_id=42\"> <\/a><\/p>\n","protected":false},"author":1,"featured_media":0,"parent":0,"menu_order":1,"comment_status":"closed","ping_status":"closed","template":"","meta":[],"_links":{"self":[{"href":"http:\/\/2018.automnemusicalduvesinet.fr\/index.php?rest_route=\/wp\/v2\/pages\/42"}],"collection":[{"href":"http:\/\/2018.automnemusicalduvesinet.fr\/index.php?rest_route=\/wp\/v2\/pages"}],"about":[{"href":"http:\/\/2018.automnemusicalduvesinet.fr\/index.php?rest_route=\/wp\/v2\/types\/page"}],"author":[{"embeddable":true,"href":"http:\/\/2018.automnemusicalduvesinet.fr\/index.php?rest_route=\/wp\/v2\/users\/1"}],"replies":[{"embeddable":true,"href":"http:\/\/2018.automnemusicalduvesinet.fr\/index.php?rest_route=%2Fwp%2Fv2%2Fcomments&post=42"}],"version-history":[{"count":99,"href":"http:\/\/2018.automnemusicalduvesinet.fr\/index.php?rest_route=\/wp\/v2\/pages\/42\/revisions"}],"predecessor-version":[{"id":1205,"href":"http:\/\/2018.automnemusicalduvesinet.fr\/index.php?rest_route=\/wp\/v2\/pages\/42\/revisions\/1205"}],"wp:attachment":[{"href":"http:\/\/2018.automnemusicalduvesinet.fr\/index.php?rest_route=%2Fwp%2Fv2%2Fmedia&parent=42"}],"curies":[{"name":"wp","href":"https:\/\/api.w.org\/{rel}","templated":true}]}}

<h1>Le programme</h1>
<p><a href="http://2018.automnemusicalduvesinet.fr/wp-content/uploads/2018/08/IgoshinaVirtuoses-horiz.jpg"><img loading="lazy" class="aligncenter wp-image-1073" src="http://2018.automnemusicalduvesinet.fr/wp-content/uploads/2018/08/IgoshinaVirtuoses-horiz-1024x324.jpg" alt="" width="640" height="203" srcset="http://2018.automnemusicalduvesinet.fr/wp-content/uploads/2018/08/IgoshinaVirtuoses-horiz-1024x324.jpg 1024w, http://2018.automnemusicalduvesinet.fr/wp-content/uploads/2018/08/IgoshinaVirtuoses-horiz-300x95.jpg 300w, http://2018.automnemusicalduvesinet.fr/wp-content/uploads/2018/08/IgoshinaVirtuoses-horiz-768x243.jpg 768w, http://2018.automnemusicalduvesinet.fr/wp-content/uploads/2018/08/IgoshinaVirtuoses-horiz.jpg 1086w" sizes="(max-width: 640px) 100vw, 640px" /></a></p>
<p><span style="font-size: 16px;">De la musique baroque à Dvorak, le festival commencera par un hommage à Claude Debussy, suivi des Romantiques allemands, un concert baroque avec orgue, un concerto de Chopin&#8230;</span></p>
<p><span style="font-size: 16px;">Le Festival s’adresse à un large public, et « en même temps » réunit des artistes de grand talent propres à combler les mélomanes les plus avertis.</span></p>
<p><span style="font-size: 16px;">Il se tient en l’Église Sainte-Marguerite du Vésinet, classée monument historique.</span></p>
<p><span style="font-size: 18px; line-height: 1.5em;"><span style="text-decoration: underline;">Le programme comprendra quatre concerts</span> :<br />
</span></p>
<ul style="list-style-type: disc;">
<li><span style="font-size: 16px;"><span style="font-size: 16px;"><strong>Le <a href="http://2018.automnemusicalduvesinet.fr/programme-du-vendredi/">Vendredi 12 octobre</a></strong> à 20h30<strong> en hommage à Claude Debussy</strong>, né à Saint-Germain-en-Laye et mort en mars 1918.<br />
</span></span><em>Dans le décor des fresques murales de Maurice Denis, les professeurs du Conservatoire du Vésinet musiciens et concertistes se sont mobilisés dans diverses formations pour cet hommage du centenaire de la mort de Claude Debussy.</em></li>
</ul>
<p>&nbsp;</p>
<ul style="list-style-type: disc;">
<li><span style="font-size: 16px;"><strong>Le <a href="http://2018.automnemusicalduvesinet.fr/programme-du-samedi-2/">Samedi 13 octobre</a>, </strong></span>
<ul style="list-style-type: circle;">
<li><span style="font-size: 16px;">à 16h: <strong>un concert romantique</strong> (Schuman, Brahms) de clarinette et de piano.</span></li>
<li><span style="font-size: 16px;">20h30 : <strong>un concert baroque</strong> avec l’ensemble italien Festa Rustica, soprano une flûte et l’orgue de l’église.</span></li>
</ul>
</li>
</ul>
<p>&nbsp;</p>
<ul style="list-style-type: disc;">
<li><span style="font-size: 16px;"><span style="font-size: 16px;"><strong>Le <a href="http://2018.automnemusicalduvesinet.fr/dimanche-16-octobre-a-16h/">Dimanche 14 octobre</a>, &#8220;Musique Slave&#8221;</strong> avec le 2<sup>e</sup> concerto de Chopin pour piano, qui sera joué, comme la version inaugurale avec un petit orchestre, et le quatuor américain de Dvorak.</span></span></li>
</ul>
<p>&nbsp;</p>
<p><span style="font-size: 16px;"><em>Direction artistique : Vadim Tchijik, Fabrice Loyal</em></span></p>
<p>L&#8217;organisateur du festival est l&#8217;association &#8220;L&#8217;esprit musical du Vésinet&#8221;</p>
<p style="text-align: left;">Avec le soutien de la <a href="http://www.levesinet.fr/" target="_blank" rel="noopener"><strong>Ville du Vésinet</strong></a></p>
<p>&nbsp;</p>

<p>Le programme De la musique baroque à Dvorak, le festival commencera par un hommage à Claude Debussy, suivi des Romantiques allemands, un concert baroque avec orgue, un concerto de Chopin&#8230; Le Festival s’adresse à un large public, et « en même temps » réunit des artistes de grand talent propres à combler les mélomanes les plus avertis. Il se tient en l’Église Sainte-Marguerite du Vésinet, classée monument historique. Le programme comprendra quatre concerts : Le <a href="http://2018.automnemusicalduvesinet.fr/?page_id=42"> </a></p>
